{"id":117,"date":"2016-03-23T16:37:21","date_gmt":"2016-03-23T15:37:21","guid":{"rendered":"http:\/\/mwsailing.fr\/_dev\/?page_id=117"},"modified":"2022-01-21T15:33:19","modified_gmt":"2022-01-21T13:33:19","slug":"conditions-generales","status":"publish","type":"page","link":"https:\/\/agosailing.com\/index.php\/conditions-generales\/","title":{"rendered":"Conditions G\u00e9n\u00e9rales de Vente"},"content":{"rendered":"<div class=\"fusion-fullwidth fullwidth-box fusion-builder-row-1 hundred-percent-fullwidth non-hundred-percent-height-scrolling\" style=\"--awb-border-radius-top-left:0px;--awb-border-radius-top-right:0px;--awb-border-radius-bottom-right:0px;--awb-border-radius-bottom-left:0px;--awb-overflow:visible;\" ><div class=\"fusion-builder-row fusion-row\"><div class=\"fusion-layout-column fusion_builder_column fusion-builder-column-0 fusion_builder_column_2_5 2_5 fusion-two-fifth fusion-column-first\" style=\"--awb-bg-size:cover;width:37.6%; margin-right: 4%;\"><div class=\"fusion-column-wrapper fusion-flex-column-wrapper-legacy\"><div class=\"fusion-image-element in-legacy-container\" style=\"--awb-caption-title-size:var(--h2_typography-font-size);--awb-caption-title-transform:var(--h2_typography-text-transform);--awb-caption-title-line-height:var(--h2_typography-line-height);--awb-caption-title-letter-spacing:var(--h2_typography-letter-spacing);\"><span class=\" fusion-imageframe imageframe-none imageframe-1 hover-type-none\"><img decoding=\"async\" src=\"http:\/\/mwsailing.fr\/_dev\/wp-content\/uploads\/2016\/03\/conditions.jpg\" alt class=\"img-responsive\"\/><\/span><\/div><div class=\"fusion-clearfix\"><\/div><\/div><\/div><div class=\"fusion-layout-column fusion_builder_column fusion-builder-column-1 fusion_builder_column_3_5 3_5 fusion-three-fifth fusion-column-last\" style=\"--awb-bg-size:cover;width:58.4%;\"><div class=\"fusion-column-wrapper fusion-flex-column-wrapper-legacy\"><div class=\"fusion-text fusion-text-1\"><p>Conditions g\u00e9n\u00e9rales de vente<strong>\u00a0GOSAILING<\/strong><\/p>\n<p><strong>1- OBJET<\/strong><\/p>\n<p>GOSAILING propose la location coque nue de bateaux pour des sorties en mer, de la croisi\u00e8re \u00e0 la participation aux r\u00e9gates.<br \/>\nLes unit\u00e9s sont arm\u00e9es en cat\u00e9gorie de navigation hauturi\u00e8re. Les assistants de navigation dipl\u00f4m\u00e9s, assurent une aide aux co-\u00e9quipiers locataires et son \u00e9quipage. Ils organisent et dirigent les sorties en mer. Les co-\u00e9quipiers locataires restent seul responsables du bateau lou\u00e9 pour la p\u00e9riode d\u00e9sign\u00e9e au contrat de location.<br \/>\nGOSAILING est plac\u00e9e sous l\u2019autorit\u00e9 du Pr\u00e9sident de l\u2019entreprise.<\/p>\n<p><strong>2- AFFICHAGES R\u00c9GLEMENTAIRES<\/strong><\/p>\n<p>Les affichages r\u00e9glementaires ainsi que les informations concernant les locations sont affich\u00e9s dans les bateaux.<\/p>\n<p><strong>3- \u00c9QUIPEMENT<\/strong><\/p>\n<p>GOSAILLING fournit par personne, un harnais de s\u00e9curit\u00e9 et un gilet de sauvetage. Le co-\u00e9quipier locataire se doit de s&rsquo;\u00e9quiper en effet personnel, tel que gants, bottes, bonnet, veste de quart, cir\u00e9, v\u00eatements chauds, rechange, sac de couchage et tout autre objet personnel.<\/p>\n<p><strong>4- ASSURANCES<\/strong><\/p>\n<p>GOSAILING assure en responsabilit\u00e9 civile ses co-\u00e9quipiers locataire durant les sortie en mer. Une licence FFV est obligatoire \u00e0 souscrire aupr\u00e8s du club de votre choix, seulement pour les voiliers en course.<br \/>\nIl est propos\u00e9 de souscrire \u00e0 des garanties corporelles compl\u00e9mentaires en cas d&rsquo;accident aupr\u00e8s de la compagnie de votre choix.<br \/>\nLes mineurs sont sous la responsabilit\u00e9 unique de leurs parents ou du repr\u00e9sentant l\u00e9gal, qui n\u00e9cessite leur pr\u00e9sence \u00e0 bord des bateaux.<br \/>\nGOSAILING ne peut \u00eatre responsable de la perte, le dommage et autres faits survenant \u00e0 bord des objets personnels de valeur et autres.<\/p>\n<p><strong>5- CALENDRIER DES SORTIES<\/strong><\/p>\n<p>GOSAILING \u00e9labore et met \u00e0 disposition un calendrier pour tout ou partie de l&rsquo;ann\u00e9e \u00e0 venir. GOSAILING se r\u00e9serve le droit de modifier ce calendrier. Une mise \u00e0 jour r\u00e9guli\u00e8re est effectu\u00e9e sur son site internet.<\/p>\n<p><strong>6- INSCRIPTIONS ET TARIF<br \/>\n<\/strong><\/p>\n<p><strong>L&rsquo;inscription au sortie en mer implique :<br \/>\n<\/strong>\u2022 Accepter le pr\u00e9sent r\u00e8glement<br \/>\n\u2022 Les parents ou le repr\u00e9sentant l\u00e9gal accompagnent obligatoirement les enfants mineurs.<br \/>\n\u2022 Avoir obligatoirement une licence FFVoile annuelle pour les voiliers en course.<br \/>\n\u2022 Remplir et parapher les conditions g\u00e9n\u00e9rales de vente fourni par GOSAILING.<\/p>\n<p><strong>7- COMPORTEMENT ET ESPRIT SPORTIF<\/strong><\/p>\n<p><strong>L&rsquo;accession au sortie en mer n\u00e9cessite de respecter les r\u00e8gles suivantes <\/strong><br \/>\n\u2022 Respecter les horaires.<br \/>\n\u2022 Ob\u00e9ir aux consignes et aux instructions des assistants de navigation<br \/>\n\u2022 Respecter le mat\u00e9riel (toute d\u00e9gradation volontaire sera mise \u00e0 la charge du responsable des d\u00e9g\u00e2ts)<br \/>\n\u2022 Ne pas emporter de mat\u00e9riel propri\u00e9t\u00e9 de GOSAILING.<br \/>\n\u2022 Faire preuve d&rsquo;esprit sportif et collectif.<br \/>\n\u2022 Respecter l\u2019environnement.<br \/>\n\u2022 Ne pas fumer ni consommer d\u2019alcool en navigation.<\/p>\n<p><strong>8- SECURITE<\/strong><\/p>\n<p>\u2022 Le port de la brassi\u00e8re de s\u00e9curit\u00e9 est obligatoire de nuit pour tous, de jour pour les mineurs et \u00e0 la discr\u00e9tion des assistants de navigation, le jour pour les adultes.<br \/>\n\u2022 Le co-\u00e9quipier locataire s&rsquo;engage \u00e0 ex\u00e9cuter toutes les consignes de s\u00e9curit\u00e9 que donneront les assistants de navigation.<br \/>\n\u2022 GOSAILING ou les assistants de navigation se r\u00e9servent le droit de refuser, d&rsquo;annuler la location du co-\u00e9quipier locataire ou de d\u00e9barquer son \u00e9quipage ou un de ses membres, si son comportement est de nature \u00e0 nuire volontairement \u00e0 la s\u00e9curit\u00e9, ou \u00e0 d\u00e9grader du mat\u00e9riel, ou \u00e0 perturber la sortie en mer.<br \/>\n\u2022 Il est conseill\u00e9 de ne pas porter collier, bracelet, bagues etc\u2026.<\/p>\n<p><strong>9- TARIF \/ R\u00c9SERVATION \/ PAIEMENTS \/ D\u00c9SISTEMENT<\/strong><\/p>\n<p>Les tarifs indiqu\u00e9s peuvent \u00e9voluer en fonctions de la prestations de services choisies.<\/p>\n<p>La participation aux sorties en mer implique le paiement de la location de bateaux choisi et le paiement de l&rsquo;assistant de navigation dipl\u00f4m\u00e9 \u00a0(nous consulter)<\/p>\n<p><strong>Les sorties 1\/2 journ\u00e9e et journ\u00e9e :<\/strong><br \/>\n\u2022 Doivent \u00eatre r\u00e9serv\u00e9es au plus tard 24 h \u00e0 l\u2019avance.<br \/>\n\u2022 Le co-\u00e9quipier doit s\u2019acquitter du paiement avant l\u2019embarquement.<br \/>\n\u2022 Les annulations 48 heures avant la sortie en mer seront prises en compte, dans le cas contraire, toute absence entra\u00eenera la comptabilisation du paiement.<\/p>\n<p><strong>Les r\u00e9gates et les croisi\u00e8res sportive :<\/strong><br \/>\n\u2022 Doivent \u00eatre r\u00e9serv\u00e9s au plus tard 21 jours \u00e0 l\u2019avance.<br \/>\n\u2022 La totalit\u00e9 du montant des r\u00e9gates et des croisi\u00e8res doivent \u00eatre vers\u00e9s \u00e0 la r\u00e9servation.<br \/>\n\u2022 En cas de d\u00e9sistement du co-\u00e9quipier locataire, les sommes vers\u00e9es pourront \u00eatre rembours\u00e9es diminu\u00e9es de 30 % du montant \u00e0 titre d\u2019acompte.<\/p>\n<p><strong>10- AL\u00c9AS ET CONDITIONS D&rsquo;ANNULATION<\/strong><\/p>\n<p>\u2022GOSAILING se r\u00e9serve le droit d\u2019annuler une location, en cas de force majeure ou par le non respect de l\u2019article 9 du co-\u00e9quipier locataire. L&rsquo;annulation d&rsquo;une location n&rsquo;ouvre droit \u00e0 aucune indemnit\u00e9.<br \/>\n\u2022 Les assistants de navigation sont les seuls \u00e0 prendre la d\u00e9cision des sorties en mer lors de la location, notamment en fonction des conditions m\u00e9t\u00e9orologiques et autres.<br \/>\n\u2022 Les journ\u00e9es perdues pour cause de mauvais temps ne seront ni rembours\u00e9es ni report\u00e9es.<br \/>\n\u2022 Si un co-\u00e9quipier locataire renonce pour raison personnelle \u00e0 la sortie locative en mer en cours, elle reste d\u00fb en son entier.<br \/>\n\u2022 Si un co-\u00e9quipier locataire n&rsquo;est pas pr\u00e9sent \u00e0 la date pr\u00e9vue de l&rsquo;appareillage du bateau, aucun remboursement n&rsquo;est d\u00fb.<br \/>\n\u2022 Toute sortie locative en mer entam\u00e9e est due.<br \/>\n\u2022 Dans le cadre d&rsquo;une r\u00e9gate et d\u2019une croisi\u00e8re de plusieurs jours, si pour des raisons majeures (mauvaise m\u00e9t\u00e9o et autre) le retour au port de d\u00e9part ne pouvait s&rsquo;effectuer \u00e0 la date de fin de location pr\u00e9vue. GOSAILING ne saurait \u00eatre tenue pour responsable en quoi que ce soit des cons\u00e9quences pour le co-\u00e9quipier locataire et son \u00e9quipage.<\/p>\n<p><strong>11 \u2013 AVITAILLEMENT EN COURS DE CROISI\u00c8RE<\/strong><\/p>\n<p>\u2022 Les frais de carburant et de petit mat\u00e9riel (piles, gaz, etc.) sont \u00e0 la charge du co-\u00e9quipier locataire (sauf avis contraire dans le contrat de location).<br \/>\n\u2022 L\u2019avitaillement du co-\u00e9quipiers locataire, de son \u00e9quipage et des assistants de navigation est \u00e0 la charge du co-\u00e9quipier locataire.<br \/>\n\u2022 Les frais de stationnement dans les ports ou marinas sont \u00e0 la charge du co-\u00e9quipier locataire.<\/p>\n<p><strong>12 &#8211; POLITIQUE DE CONFIDENTIALIT\u00c9<\/strong><\/p>\n<p class=\"vxK8q\">Lorsque vous utilisez nos services, vous nous faites confiance pour le traitement de vos informations personnelles. Nous savons qu&rsquo;il s&rsquo;agit d&rsquo;une lourde responsabilit\u00e9, c&rsquo;est pourquoi nous nous effor\u00e7ons de les prot\u00e9ger, sans les divulguer et tout en vous permettant d&rsquo;en garder le contr\u00f4le.<\/p>\n<\/div><div class=\"fusion-clearfix\"><\/div><\/div><\/div><\/div><\/div>\n","protected":false},"excerpt":{"rendered":"","protected":false},"author":1,"featured_media":0,"parent":0,"menu_order":0,"comment_status":"closed","ping_status":"closed","template":"","meta":[],"_links":{"self":[{"href":"https:\/\/agosailing.com\/index.php\/wp-json\/wp\/v2\/pages\/117"}],"collection":[{"href":"https:\/\/agosailing.com\/index.php\/wp-json\/wp\/v2\/pages"}],"about":[{"href":"https:\/\/agosailing.com\/index.php\/wp-json\/wp\/v2\/types\/page"}],"author":[{"embeddable":true,"href":"https:\/\/agosailing.com\/index.php\/wp-json\/wp\/v2\/users\/1"}],"replies":[{"embeddable":true,"href":"https:\/\/agosailing.com\/index.php\/wp-json\/wp\/v2\/comments?post=117"}],"version-history":[{"count":14,"href":"https:\/\/agosailing.com\/index.php\/wp-json\/wp\/v2\/pages\/117\/revisions"}],"predecessor-version":[{"id":783,"href":"https:\/\/agosailing.com\/index.php\/wp-json\/wp\/v2\/pages\/117\/revisions\/783"}],"wp:attachment":[{"href":"https:\/\/agosailing.com\/index.php\/wp-json\/wp\/v2\/media?parent=117"}],"curies":[{"name":"wp","href":"https:\/\/api.w.org\/{rel}","templated":true}]}}